factors of 144126.
2, 3, 17, 157
List the prime factors of 457403.
457403
List the prime factors of 881894.
2, 13, 107, 317
List the prime factors of 15940909.
23, 137, 5059
List the prime factors of 1463590.
2, 5, 146359
What are the prime factors of 1379331?
3, 153259
List the prime factors of 1610125.
5, 11, 1171
List the prime factors of 472303.
13, 47, 773
List the prime factors of 5834219.
5834219
What are the prime factors of 287167?
287167
List the prime factors of 456600.
2, 3, 5, 761
What are the prime factors of 881149?
853, 1033
What are the prime factors of 315962?
2, 17, 9293
What are the prime factors of 804277?
173, 4649
What are the prime factors of 265754?
2, 89, 1493
List the prime factors of 2285623.
2285623
What are the prime factors of 905025?
3, 5, 11, 1097
What are the prime factors of 1120940?
2, 5, 41, 1367
What are the prime factors of 165039?
3, 7, 29, 271
What are the prime factors of 2829939?
3, 7, 17, 7927
What are the prime factors of 3426951?
3, 11, 113, 919
List the prime factors of 1097507.
137, 8011
List the prime factors of 10820787.
3, 23, 156823
List the prime factors of 3614079.
3, 7, 113, 1523
List the prime factors of 12576083.
13, 967391
List the prime factors of 16913458.
2, 19, 445091
What are the prime factors of 4595953?
4595953
What are the prime factors of 1422990?
2, 3, 5, 97, 163
List the prime factors of 2662044.
2, 3, 7, 11, 43, 67
List the prime factors of 881584.
2, 11, 5009
What are the prime factors of 3833?
3833
List the prime factors of 4586549.
11, 17, 24527
What are the prime factors of 905594?
2, 452797
What are the prime factors of 527798?
2, 263899
List the prime factors of 1395826.
2, 697913
What are the prime factors of 1638989?
11, 37, 4027
List the prime factors of 1805279.
7, 29, 8893
What are the prime factors of 4115454?
2, 3, 7, 97987
List the prime factors of 8866802.
2, 7, 79, 8017
What are the prime factors of 1606054?
2, 803027
What are the prime factors of 1664722?
2, 832361
What are the prime factors of 967197?
3, 7, 11, 53, 79
List the prime factors of 1746016.
2, 54563
What are the prime factors of 1404737?
1404737
List the prime factors of 633927.
3, 7, 30187
List the prime factors of 111806.
2, 55903
What are the prime factors of 1967607?
3, 218623
What are the prime factors of 98308?
2, 7, 3511
List the prime factors of 146599.
31, 4729
What are the prime factors of 448518?
2, 3, 7, 59, 181
What are the prime factors of 2205503?
2205503
What are the prime factors of 2095988?
2, 523997
List the prime factors of 620924.
2, 155231
List the prime factors of 4081165.
5, 11, 74203
List the prime factors of 6279181.
6279181
What are the prime factors of 1249389?
3, 138821
List the prime factors of 1704710.
2, 5, 7, 71
What are the prime factors of 77485?
5, 15497
What are the prime factors of 2996540?
2, 5, 149827
What are the prime factors of 7524782?
2, 409, 9199
What are the prime factors of 123821?
123821
List the prime factors of 459606.
2, 3, 7, 31, 353
List the prime factors of 5426041.
43, 257, 491
What are the prime factors of 120919?
120919
List the prime factors of 3304988.
2, 37, 137, 163
What are the prime factors of 204188?
2, 51047
What are the prime factors of 4880657?
59, 82723
What are the prime factors of 3069845?
5, 613969
What are the prime factors of 5913534?
2, 3, 11, 89599
List the prime factors of 12720.
2, 3, 5, 53
What are the prime factors of 750578?
2, 29, 12941
What are the prime factors of 1539737?
1539737
What are the prime factors of 592322?
2, 73, 4057
What are the prime factors of 13272052?
2, 3318013
What are the prime factors of 2397403?
2397403
What are the prime factors of 1665189?
3, 185021
What are the prime factors of 1392396?
2, 3, 19, 31, 197
What are the prime factors of 4666656?
2, 3, 48611
List the prime factors of 42175.
5, 7, 241
List the prime factors of 18670012.
2, 17, 463, 593
What are the prime factors of 231515?
5, 19, 2437
What are the prime factors of 54950?
2, 5, 7, 157
What are the prime factors of 3586423?
71, 50513
What are the prime factors of 11381890?
2, 5, 13, 87553
List the prime factors of 611195.
5, 13, 9403
What are the prime factors of 422791?
29, 61, 239
List the prime factors of 593143.
593143
List the prime factors of 4454509.
1201, 3709
What are the prime factors of 7440084?
2, 3, 17, 12157
List the prime factors of 161210.
2, 5, 7, 47
What are the prime factors of 667348?
2, 11, 29, 523
List the prime factors of 16024426.
2, 11, 728383
What are the prime factors of 5263179?
3, 173, 10141
List the prime factors of 410695.
5, 82139
What are the prime factors of 1759464?
2, 3, 7, 3491
What are the prime factors of 61388?
2, 103, 149
List the prime factors of 1697903.
1697903
What are the prime factors of 21195478?
2, 10597739
What are the prime factors of 9054513?
3, 13, 5953
List the prime factors of 362690.
2, 5, 36269
List the prime factors of 1427539.
1427539
What are the prime factors of 5030286?
2, 3, 577, 1453
List the prime factors of 8683926.
2, 3, 23, 62927
List the prime factors of 14390733.
3, 7, 19, 36067
List the prime factors of 7183434.
2, 3, 1197239
List the prime factors of 233836.
2, 53, 1103
List the prime factors of 12174620.
2, 5, 113, 5387
What are the prime factors of 4464531?
3, 37, 41, 109
List the prime factors of 394392.
2, 3, 16433
List the prime factors of 248360.
2, 5, 7, 887
What are the prime factors of 3210999?
3, 11, 97303
What are the prime factors of 84632?
2, 71, 149
List the prime factors of 20480391.
3, 47, 16139
What are the prime factors of 27710243?
11, 2519113
List the prime factors of 16355122.
2, 7, 17, 9817
List the prime factors of 7806.
2, 3, 1301
What are the prime factors of 59965?
5, 67, 179
What are the prime factors of 172702?
2, 86351
What are the prime factors of 9844031?
9844031
List the prime factors of 640015.
5, 19, 6737
List the prime factors of 18328113.
3, 353, 641
What are the prime factors of 1287225?
3, 5, 1907
List the prime factors of 1887838.
2, 31, 30449
List the prime factors of 114860.
2, 5, 5743
What are the prime factors of 52904?
2, 17, 389
List the prime factors of 171214.
2, 85607
List the prime factors of 182603.
182603
List the prime factors of 100344.
2, 3, 37, 113
List the prime factors of 392344.
2, 49043
List the prime factors of 14257.
53, 269
List the prime factors of 172561.
172561
List the prime factors of 431936.
2, 17, 397
What are the prime factors of 17097?
3, 41, 139
What are the prime factors of 587106?
2, 3, 13, 193
What are the prime factors of 44918739?
3, 41, 40577
What are the prime factors of 2711298?
2, 3, 311, 1453
List the prime factors of 1934948.
2, 227, 2131
List the prime factors of 18075690.
2, 3, 5, 66947
List the prime factors of 3761308.
2, 940327
What are the prime factors of 1085453?
191, 5683
What are the prime factors of 927998?
2, 19, 24421
List the prime factors of 119110.
2, 5, 43, 277
List the prime factors of 2551849.
1091, 2339
List the prime factors of 998947.
998947
What are the prime factors of 1294684?
2, 31, 53, 197
What are the prime factors of 3981990?
2, 3, 5, 23, 29, 199
List the prime factors of 548970.
2, 3, 5, 29, 631
What are the prime factors of 6757366?
2, 7, 11, 3989
List the prime factors of 2186018.
2, 89, 12281
List the prime factors of 813975.
3, 5, 10853
What are the prime factors of 131734?
2, 65867
List the prime factors of 262631.
181, 1451
List the prime factors of 161409.
3, 173, 311
What are the prime factors of 18670?
2, 5, 1867
What are the prime factors of 262088?
2, 181
What are the prime factors of 29195870?
2, 5, 11, 265417
What are the prime factors of 3234297?
3, 11, 98009
What are the prime factors of 310212?
2, 3, 7, 1231
What are the prime factors of 266232?
2, 3, 11093
What are the prime factors of 241107?
3, 80369
What are the prime factors of 1658632?
2, 207329
What are the prime factors of 4848488?
2, 331, 1831
What are the prime factors of 216280?
2, 5, 5407
List the prime factors of 2205490.
2, 5, 7, 643
What are the prime factors of 12367873?
7, 233, 7583
List the prime factors of 2339561.
7, 283, 1181
What are the prime factors of 1572644?
2, 393161
What are the prime factors of 562846?
2, 281423
What are the prime factors of 5389